99729?
3, 7, 204749
List the prime factors of 690237.
3, 271, 283
What are the prime factors of 8344044?
2, 3, 231779
What are the prime factors of 2071378?
2, 139, 7451
What are the prime factors of 228267?
3, 13, 1951
What are the prime factors of 990016?
2, 31, 499
List the prime factors of 2837403.
3, 19, 5531
What are the prime factors of 442246?
2, 7, 31, 1019
List the prime factors of 303393.
3, 23, 4397
List the prime factors of 16464005.
5, 3292801
What are the prime factors of 6604335?
3, 5, 23, 709
What are the prime factors of 148171?
148171
List the prime factors of 213611.
213611
What are the prime factors of 207427?
11, 109, 173
List the prime factors of 20877.
3, 6959
What are the prime factors of 7712534?
2, 3856267
List the prime factors of 667620.
2, 3, 5, 3709
What are the prime factors of 5834361?
3, 13, 211, 709
List the prime factors of 3347407.
7, 367, 1303
List the prime factors of 1665673.
19, 29, 3023
What are the prime factors of 684917?
23, 97, 307
List the prime factors of 15711066.
2, 3, 7, 47, 379
What are the prime factors of 183870?
2, 3, 5, 227
List the prime factors of 207469.
207469
What are the prime factors of 212408?
2, 7, 3793
What are the prime factors of 14097?
3, 37, 127
What are the prime factors of 108501?
3, 59, 613
What are the prime factors of 17724143?
967, 18329
What are the prime factors of 664288?
2, 20759
List the prime factors of 655891.
23, 28517
List the prime factors of 12165911.
12165911
What are the prime factors of 880102?
2, 431, 1021
What are the prime factors of 5444100?
2, 3, 5, 23, 263
What are the prime factors of 1259692?
2, 7, 6427
List the prime factors of 266517.
3, 9871
What are the prime factors of 6660622?
2, 3330311
List the prime factors of 303593.
303593
List the prime factors of 9380184.
2, 3, 11, 35531
List the prime factors of 9643444.
2, 67, 35983
List the prime factors of 3320552.
2, 415069
List the prime factors of 2257727.
179, 12613
List the prime factors of 158345.
5, 11, 2879
What are the prime factors of 22222555?
5, 29, 153259
List the prime factors of 40251.
3, 13417
What are the prime factors of 8767424?
2, 136991
What are the prime factors of 8439280?
2, 5, 105491
What are the prime factors of 168097?
107, 1571
What are the prime factors of 772722?
2, 3, 42929
What are the prime factors of 12931821?
3, 7, 205267
List the prime factors of 2801655.
3, 5, 20753
List the prime factors of 45431387.
4129, 11003
What are the prime factors of 5159803?
11, 42643
What are the prime factors of 785202?
2, 3, 11, 11897
What are the prime factors of 166166?
2, 7, 11, 13, 83
List the prime factors of 742816.
2, 139, 167
What are the prime factors of 431868?
2, 3, 17, 29, 73
List the prime factors of 303389.
303389
What are the prime factors of 8083245?
3, 5, 17, 31699
What are the prime factors of 736261?
59, 12479
List the prime factors of 8056718.
2, 73, 139, 397
What are the prime factors of 846451?
821, 1031
What are the prime factors of 753078?
2, 3, 313, 401
What are the prime factors of 4428390?
2, 3, 5, 147613
What are the prime factors of 1571108?
2, 7, 11, 5101
List the prime factors of 8467667.
13, 643, 1013
What are the prime factors of 405069?
3, 7, 19289
List the prime factors of 359508.
2, 3, 29959
List the prime factors of 3051187.
89, 34283
List the prime factors of 4591517.
7, 797, 823
What are the prime factors of 25562741?
79, 323579
What are the prime factors of 7226975?
5, 7, 61, 677
List the prime factors of 971358.
2, 3, 97, 1669
List the prime factors of 11822361.
3, 17, 59, 3929
What are the prime factors of 6219?
3, 691
List the prime factors of 365898.
2, 3, 13, 4691
List the prime factors of 779297.
17, 45841
What are the prime factors of 363773?
363773
What are the prime factors of 1195574?
2, 53, 11279
What are the prime factors of 5909923?
1451, 4073
What are the prime factors of 1051503?
3, 37, 9473
What are the prime factors of 1895655?
3, 5, 43, 2939
List the prime factors of 460550.
2, 5, 61, 151
What are the prime factors of 12423858?
2, 3, 2070643
What are the prime factors of 127829?
13, 9833
What are the prime factors of 370665?
3, 5, 8237
List the prime factors of 546533.
13, 17, 2473
What are the prime factors of 609289?
609289
List the prime factors of 1071649.
89, 12041
What are the prime factors of 78000?
2, 3, 5, 13
What are the prime factors of 420784?
2, 7, 13, 17
What are the prime factors of 4089964?
2, 1022491
What are the prime factors of 350762?
2, 109, 1609
List the prime factors of 3753375.
3, 5, 10009
List the prime factors of 379085.
5, 7, 10831
What are the prime factors of 17425?
5, 17, 41
What are the prime factors of 728186?
2, 541, 673
What are the prime factors of 16067910?
2, 3, 5, 151, 3547
List the prime factors of 5052400.
2, 5, 17, 743
List the prime factors of 96769.
96769
List the prime factors of 3231676.
2, 7, 211, 547
What are the prime factors of 16880?
2, 5, 211
List the prime factors of 12214039.
863, 14153
List the prime factors of 2354889.
3, 103, 7621
What are the prime factors of 412669?
73, 5653
What are the prime factors of 7168344?
2, 3, 298681
What are the prime factors of 91350?
2, 3, 5, 7, 29
What are the prime factors of 517492?
2, 53, 2441
List the prime factors of 719326.
2, 359663
List the prime factors of 1104910.
2, 5, 110491
List the prime factors of 15441.
3, 5147
List the prime factors of 7658409.
3, 11, 232073
What are the prime factors of 394515?
3, 5, 11, 797
List the prime factors of 524571.
3, 19, 9203
List the prime factors of 875056.
2, 7, 13, 601
What are the prime factors of 3533539?
3533539
What are the prime factors of 176943?
3, 13, 349
List the prime factors of 15899462.
2, 7949731
What are the prime factors of 571323?
3, 157, 1213
List the prime factors of 6600808.
2, 825101
What are the prime factors of 2068722?
2, 3, 281, 409
List the prime factors of 111969.
3, 11, 13, 29
What are the prime factors of 113258?
2, 56629
What are the prime factors of 1372950?
2, 3, 5, 113
List the prime factors of 7932512.
2, 7, 5059
List the prime factors of 322664.
2, 53, 761
List the prime factors of 333580.
2, 5, 13, 1283
List the prime factors of 5664161.
151, 37511
What are the prime factors of 5926585?
5, 7, 29, 5839
What are the prime factors of 234799?
234799
What are the prime factors of 230537?
17, 71, 191
What are the prime factors of 920446?
2, 67, 6869
What are the prime factors of 947740?
2, 5, 47387
What are the prime factors of 1660050?
2, 3, 5, 7, 17, 31
What are the prime factors of 91984?
2, 5749
List the prime factors of 17935.
5, 17, 211
What are the prime factors of 1236985?
5, 73, 3389
What are the prime factors of 390279?
3, 19, 41, 167
What are the prime factors of 351566?
2, 175783
What are the prime factors of 1558755?
3, 5, 11, 47, 67
List the prime factors of 183546.
2, 3, 11, 103
What are the prime factors of 289884?
2, 3, 7, 17, 29
What are the prime factors of 13914057?
3, 23, 201653
What are the prime factors of 1100733?
3, 17, 113, 191
List the prime factors of 249216.
2, 3, 11, 59
List the prime factors of 5820647.
7, 17, 41, 1193
What are the prime factors of 17920?
2, 5, 7
List the prime factors of 3699592.
2, 13, 35573
List the prime factors of 1608969.
3, 536323
List the prime factors of 84819.
3, 7, 577
List the prime factors of 36288244.
2, 2309, 3929
What are the prime factors of 30220934?
2, 17, 37, 24023
List the prime factors of 137636.
2, 19, 1811
List the prime factors of 581811.
3, 193937
What are the prime factors of 159562?
2, 13, 17, 19
What are the prime factors of 28258?
2, 71, 199
What are the prime factors of 35786821?
7, 5112403
What are the prime factors of 180208?
2, 7, 1609
What are the prime factors of 738122?
2, 7, 11, 4793
What are the prime factors of 312120?
2, 3, 5, 17
What are the prime factors of 7348612?
2, 31, 59263
What are the prime factors of 257067?
3, 9521
List the prime factors of 1562924.
2, 11, 35521
List the prime factors of 1387291.
23, 60317
What are the prime factors of 174996?
2, 3, 4861
List the prime factors of 142238.
2, 71119
What are the prime factors of 2329588?
2, 31, 18787
List the prime factors of 249162.
2, 3, 131, 317
What are the prime factors of 5485932?
2, 3, 97, 1571
What are 